Let t(v) = 5*v**2 - 355*v - 1865. Determine t(-5).
35
Let w(z) = 2*z**2 - 79*z - 1357. Calculate w(-15).
278
Let j(q) = -q**2 - 107*q - 77. Calculate j(-108).
-185
Let x(a) = -2*a**3 - 2360*a**2 + 2378*a + 18857. Determine x(-1181).
-39
Let v(m) = -2*m**3 + 9*m**2 - 1236*m - 1246. What is v(-1)?
1
Let m(n) = -554*n + 9039. Calculate m(19).
-1487
Let d(x) = 526*x**2 - 31058*x + 1439. What is d(59)?
23
Let o(b) = -11*b**2 - 268*b - 1056. What is o(-5)?
9
Let j(c) = 52*c**2 + 45*c - 86. Give j(1).
11
Let w(u) = 122*u**2 + 84*u - 128. What is w(2)?
528
Let j(n) = 176*n + 42611. Calculate j(-240).
371
Let g(t) = 1612*t + 160148. Give g(-99).
560
Let d(u) = 4*u**3 + 268*u**2 - 258*u + 957. Determine d(-68).
5
Let f(q) = -3*q**3 + 277*q**2 + 187*q - 4. What is f(93)?
89
Let c(r) = r**3 + 2*r**2 + 3312*r - 26. What is c(0)?
-26
Let v(m) = -m**2 + 444*m - 48918. Calculate v(244).
-118
Let x(s) = -131*s**2 + 1100*s + 4. What is x(5)?
2229
Let v(i) = -165*i + 37643. Calculate v(228).
23
Let r(b) = b**3 + 109*b**2 + 205*b - 786. Calculate r(-107).
177
Let h(o) = -2*o**3 + 60*o**2 + 93*o - 948. Calculate h(31).
13
Let p(u) = u**3 - 980*u**2 + 121766*u - 290. What is p(146)?
2
Let l(n) = 196*n**3 + 387*n**2 - 17*n - 11. Give l(-2).
3
Let y(w) = 6*w**3 - 21*w**2 + 1553*w - 43. Determine y(0).
-43
Let b(h) = -370*h - 6813. Determine b(-22).
1327
Let y(m) = 13*m**3 - 178*m**2 + 2*m - 737. Give y(14).
75
Let h(c) = -19*c**2 + 141*c + 36. What is h(14)?
-1714
Let z(o) = 4004*o + 244248. Give z(-61).
4
Let l(n) = -n**3 + 326*n**2 + 8460*n - 21011. Calculate l(350).
-11
Let f(r) = -16819*r + 891338. Calculate f(53).
-69
Let x(a) = 2*a**3 + 303*a**2 + 681*a - 9563. What is x(-149)?
-27
Let w(p) = -2*p**2 - 12343*p - 74009. What is w(-6)?
-23
Let o(k) = -k**2 + 817*k - 48188. Give o(753).
4
Let n(s) = 6*s**2 - 211*s - 45220. Calculate n(-71).
7
Let k(g) = 2*g**3 + 64*g**2 + 170*g - 3. Calculate k(-30).
-1503
Let z(l) = -l**2 + 84*l + 715. Calculate z(92).
-21
Let b(x) = 9*x**2 + 1797*x + 3542. Calculate b(-2).
-16
Let m(n) = n**2 - 8014*n + 3132007. Determine m(412).
-17
Let a(g) = -566*g - 78153. Give a(-138).
-45
Let k(u) = u**3 + 32*u**2 - 145*u - 254. Calculate k(5).
-54
Let f(o) = -73051*o - 2775985. Determine f(-38).
-47
Let s(t) = -26537*t - 423636. Calculate s(-16).
956
Let w(i) = -i**2 - 1414*i + 355765. Determine w(218).
-11
Let i(t) = 7*t**3 + 78*t**2 + 221*t + 44. Give i(-6).
14
Let n(w) = w**3 - 63*w**2 - 328*w + 4149. What is n(67)?
129
Let t(z) = -2*z**3 - 1195*z**2 - 2978*z - 1746. What is t(-595)?
39
Let j(a) = -a**3 - 144*a**2 - 568*a - 1047. Determine j(-140).
73
Let j(s) = 42*s - 6181. Determine j(159).
497
Let p(s) = 2778*s - 10035. Determine p(4).
1077
Let i(f) = 21*f**2 - 1775*f - 5361. Calculate i(-3).
153
Let c(g) = -g**3 - 63*g**2 - 52*g + 1438. Calculate c(-62).
818
Let h(x) = 210*x - 4667. Give h(20).
-467
Let s(f) = 14729*f + 176945. What is s(-12)?
197
Let r(c) = c**3 - 32*c**2 - 275*c + 74. Calculate r(-8).
-286
Let y(f) = 100*f**3 + 10*f**2 - 56*f + 51. Determine y(3).
2673
Let z(k) = 2*k**2 + 369*k - 62561. Determine z(107).
-180
Let k(v) = 6*v**2 + 50*v - 326. Give k(6).
190
Let q(h) = -h**3 - 43*h**2 + 86*h + 105. What is q(-45)?
285
Let b(o) = -24035*o - 119756. What is b(-5)?
419
Let x(h) = -3*h**3 - 60*h**2 - 78*h + 1258. Give x(-17).
-17
Let y(x) = -2*x**3 - 18*x**2 - 20*x + 29. What is y(-11)?
733
Let u(t) = -t**3 - 38*t**2 - 302*t - 1840. Give u(-30).
20
Let k(g) = -g**3 + 29*g**2 - 11*g - 34. What is k(-10)?
3976
Let h(f) = -488*f**2 - 4870*f + 139. Give h(-10).
39
Let t(p) = -103*p**2 - 406*p - 1701. Give t(-4).
-1725
Let a(f) = 2424*f - 50574. Determine a(21).
330
Let o(k) = -3422*k + 1036871. What is o(303)?
5
Let q(x) = -1586*x - 621705. Determine q(-392).
7
Let m(c) = -4*c**2 + 83*c + 410. Calculate m(-5).
-105
Let p(m) = 2*m**3 - 647*m**2 + 358*m - 11255. Determine p(323).
50
Let l(w) = 1985*w + 17848. Determine l(-9).
-17
Let b(m) = m**2 + 203*m - 3473. Calculate b(10).
-1343
Let x(w) = 56*w**2 + 581*w + 592. Give x(-9).
-101
Let r(d) = d**3 - 1725*d**2 - 332521*d - 3685. Give r(-175).
-10
Let j(t) = 341*t + 7862. Give j(-23).
19
Let m(d) = 14*d**2 + 35*d + 195. What is m(-4)?
279
Let p(r) = -r**3 + 389*r**2 - 1196*r + 13553. Calculate p(386).
-1115
Let i(b) = b**2 - 703*b + 12401. Give i(18).
71
Let n(j) = 5*j**2 + 111*j + 2497. Calculate n(-26).
2991
Let x(d) = -2*d**2 - 2495*d + 20089. What is x(8)?
1
Let r(q) = 83*q**2 + 2163*q + 322. Calculate r(-26).
192
Let r(j) = -3*j**3 + 18*j**2 + 1772*j - 17606. Determine r(11).
71
Let a(p) = 10348*p + 10363. Determine a(-1).
15
Let i(x) = x**2 + 3124*x + 946593. Give i(-340).
33
Let z(l) = l**3 + 290*l**2 - 583*l + 468. What is z(-292)?
176
Let i(l) = -4*l**3 - 11*l**2 - 84*l - 455. Determine i(-5).
190
Let s(w) = w**3 + 222*w**2 - 4847*w - 1680. What is s(-242)?
14
Let z(w) = w**3 + 100*w**2 - 76*w + 2484. Determine z(-101).
-41
Let w(h) = -724*h + 13662. Calculate w(16).
2078
Let y(d) = 148*d**2 - 83624*d + 2262. Determine y(565).
2
Let d(r) = -25*r**3 - 104*r**2 - 1293*r - 5132. Give d(-4).
-24
Let l(s) = s**2 + 137*s - 26600. Give l(107).
-492
Let c(r) = 873*r + 2624. Calculate c(-3).
5
Let h(f) = -181*f**2 - 99*f + 13. Determine h(-4).
-2487
Let p(f) = -2*f**3 - 210*f**2 + 161*f + 18188. Give p(-105).
1283
Let n(u) = -1556*u + 10424. What is n(7)?
-468
Let q(z) = 155*z + 744. What is q(-6)?
-186
Let l(d) = d**3 + 3*d**2 + 63*d + 797. What is l(-7)?
160
Let s(n) = 2275*n - 25525. Give s(11).
-500
Let o(u) = 4*u**2 - 320*u + 5112. What is o(61)?
476
Let c(k) = -k**2 + 1650*k - 47204. Calculate c(29).
-195
Let o(z) = -75477*z - 11397020. Calculate o(-151).
7
Let w(q) = 2*q**3 - 39*q**2 - 7436*q + 148411. Give w(20).
91
Let r(m) = -3276*m - 134329. Give r(-41).
-13
Let p(j) = j**3 - 20*j**2 + 87*j - 46. What is p(8)?
-118
Let n(l) = -276*l - 57928. Determine n(-210).
32
Let n(y) = 156*y + 5578. Give n(-36).
-38
Let j(z) = 571*z + 29357. Determine j(-51).
236
Let y(c) = -20*c**3 - 1077*c**2 + 247*c + 4591. Give y(-54).
1
Let a(d) = -8*d**3 + 1838*d**2 + 451*d + 2062. Calculate a(230).
-8
Let k(f) = -12663*f - 1468849. Give k(-116).
59
Let v(p) = -11956*p - 71754. Determine v(-6).
-18
Let i(u) = -3322*u + 18661. Give i(6).
-1271
Let b(s) = -142*s + 11527. Determine b(105).
-3383
Let k(u) = 2*u**2 + 936*u + 36548. What is k(-425)?
-2
Let a(g) = -418*g**2 - 2383*g - 2382. Give a(-1).
-417
Let s(f) = 3*f**2 + 2636*f - 26679. Determine s(10).
-19
Let j(s) = -98518*s + 689625. Calculate j(7).
-1
Let b(h) = -2*h**3 + 38*h**2 + 978*h - 17170. Determine b(16).
14
Let i(p) = 29*p**2 - 7611*p - 30412. Determine i(-4).
496
Let k(r) = 6*r**2 - 93*r + 22. What is k(8)?
-338
Let g(o) = -1076*o + 12152. What is g(12)?
-760
Let g(v) = 485504*v + 1942019. Give g(-4).
3
Let z(f) = f**3 - 356*f**2 + 4067*f - 30. Give z(12).
-762
Let w(t) = -t**3 + 163*t**2 + 1737*t - 1638. What is w(173)?
-427
Let c(t) = 21016*t + 2795129. Calculate c(-133).
1
Let x(v) = -17093*v - 83964. Determine x(-5).
1501
Let k(t) = -30111*t + 15236176. Determine k(506).
10
Let j(v) = -v**3 + 124*v**2 - 136*v + 1808. Give j(123).
209
Let v(m) = -110731*m + 442916. What is v(4)?
-8
Let q(p) = -3*p**3 - 358*p**2 + 242*p + 253. What is q(-120)?
13
Let a(i) = -i**3 - 95*i**2 - 2124*i - 1710. Determine a(-34).
-10
Let u(i) = 794*i + 279506. Give u(-352).
18
Let m(p) = -3386*p - 20292. Calculate m(-6).
24
Let n(r) = r**3 + 55*r**2 - 1784*r - 44. Give n(-78).
-824
Let j(u) = u**2 + 1156*u - 1161. Give j(1).
-4
Let v(c) = 2885*c + 17415. Give v(-6).
105
Let z(p) = 82*p**2 - 647*p - 1408. Give z(10).
322
Let l(d) = 5*d**2 - 262508*d + 2886989. Determine l(11).
6
Let b(h) = h**3 - 68*h**2 + 7*h + 4215. Determine b(67).
195
Let t(u) = -10*u**2 + 243*u + 107. Calculate t(22).
613
Let r(z) = 67*z - 2938. Calculate r(26).
-1196
Let i(f) = f**2 - 520797*f - 2083191. Determine i(-4).
13
Let h(m) = 131*m + 17289. What is h(-133)?
-134
Let d(k) = 347*k + 19540. Calculate d(-49).
2537
Let k(v) = -v**3 + 62*v**2 - 454*v - 161. Determine k(9).
46
Let z(o) = 27*o**2 + 2051*o + 16237. Give z(-9).
-35
Let f(l) = 2*l**3 + 14*l**2 + 1806*l - 16367. Give f(9).
2479
Let f(u) = -553*u**2 + 1096*u - 8. What is f(2)?
-28
Let n(b) = 197559*b + 128